5
Let g(x) = x**3 + 12*x**2 - 5*x + 14. Let t be g(-11). Suppose 0 = 6*z + 40 - t. What are the prime factors of z?
5
Let f(d) = d**3 - 7*d**2 - 2*d + 14. Let v be f(7). Suppose -2*r - 3*r + 115 = v. List the prime factors of r.
23
Let l be (60/(-6))/(-1 + -1). Let q be (0/(-5))/(-2 - -1). Suppose -3*c + 33 = -3*j, -19 = -q*c - c + l*j. List the prime factors of c.
3
Let s = 0 - -4. Suppose 4*g + s = -0. List the prime factors of (21/6)/(g/(-2)).
7
Suppose -23 = -2*u - q, q = u - 3 - 13. List the prime factors of u.
13
Suppose 243 = 4*z - 5*m, -3*m - m = z - 87. List the prime factors of z.
67
Suppose 5*v - 2 + 55 = 2*t, -3*t = 2*v - 127. What are the prime factors of t?
3, 13
Let j be -8 - (-1 + 2) - 2. Let t = j + 28. What are the prime factors of t?
17
Let t(w) = -w**3 + 6*w**2 + 1. Let q be t(6). What are the prime factors of (-3 - q)*(-4 + 2)?
2
Let d be (-7)/(-2)*24/21. Suppose 2*o - 4*i - 26 = 0, -5*i - 18 = d*o - 5. List the prime factors of o.
3
Let h = 10 + -6. Suppose -y - 5*r + 19 = 0, 3*r = y - h*y + 57. List the prime factors of y.
19
Let u(v) = v**2 + 355. List the prime factors of u(0).
5, 71
Let v(i) = -i**2 - 56. Let y be v(0). What are the prime factors of 6/2 - y/14?
7
Suppose 6*k = 3*k + 4*r + 425, 0 = 5*r - 5. What are the prime factors of k?
11, 13
Suppose 0 = -o - 2*o - 4*i + 36, 0 = 3*o - i - 21. What are the prime factors of o?
2
Let f be (2 - 1)/(1/67). Suppose 3*w - 47 - f = 0. List the prime factors of w.
2, 19
Suppose -5*n = 5*d, 2*d = 3*n + 7 + 3. Let s = 4 + d. What are the prime factors of s?
2, 3
Let s = -5 + 10. Suppose w - 91 = -3*o, o + 115 = s*o - 5*w. List the prime factors of o.
2, 3, 5
Suppose -g = g. Suppose 5*l = -g*l + 75. List the prime factors of l.
3, 5
Let y = 4 + -14. Let f(g) = -2*g + 6. List the prime factors of f(y).
2, 13
Let k be (4/(-8))/(2/60). Let x be 2/(-6) - 80/k. Let z(u) = -u + 9. What are the prime factors of z(x)?
2
Let p = 1 + -8. Let q(v) = v**3 + 6*v**2 + v + 7. Let r be q(p). Let o = -35 - r. What are the prime factors of o?
2, 7
Suppose 0 = 5*u - 528 - 697. List the prime factors of u.
5, 7
Let g(j) = 3*j - 3. List the prime factors of g(8).
3, 7
Let p be (-8)/(-2*(-1 + 2)). Let d be p*2/(-4)*-1. Suppose 0 = 2*l + x - 11, -l + 2*x = x + d. List the prime factors of l.
3
Suppose 9*a + 285 - 1410 = 0. What are the prime factors of a?
5
Let h = 52 + -105. Let m = 84 + h. What are the prime factors of m?
31
Let w = -10 + 21. Suppose 3*t = -5*o + 21, 3*o + 4 = t + w. Suppose -o*y - 2*y + 10 = 0. What are the prime factors of y?
2
Suppose 4*z - 59 = -19. List the prime factors of z.
2, 5
Let r be -2 - (-1 + 2) - -6. Let m be (-4)/(12/(-9))*r. Let f = -4 + m. List the prime factors of f.
5
List the prime factors of (-15)/(-10) + 597/6.
101
Let l(s) = s**3 + 2*s**2 + 2*s - 2. Let r be l(3). Suppose -4*z - j = -97, 0*j + 4*j = 3*z - r. What are the prime factors of z?
23
Let h(m) be the first derivative of -m**4/4 - 11*m**3/3 + 11*m**2/2 + m + 4. List the prime factors of h(-12).
13
Suppose 0*v - v = -8. Suppose 3*b - 5*b + v = 0. What are the prime factors of b?
2
Suppose -3 + 11 = 2*t. Suppose -j - z - t*z + 49 = 0, -2*z + 66 = 2*j. Suppose -3*p + j = -31. List the prime factors of p.
2, 5
Let g = -6 + 8. Suppose 12 = 3*i - g*i. What are the prime factors of i?
2, 3
Let q = 21 - 12. What are the prime factors of q?
3
Let h(g) = g**3 + 5*g**2 + 2. List the prime factors of h(-5).
2
Let i(j) = -6*j + 12. List the prime factors of i(-5).
2, 3, 7
Let y be (-1275)/12 + 2/8. Let m be y/(-5) + 6/(-30). Let q = -13 + m. What are the prime factors of q?
2
Let g(c) be the first derivative of -16*c**2 - 2*c + 1. Let s be g(2). What are the prime factors of (2/(-3))/(4/s)?
11
Suppose m = -4*x + 6*x + 67, 279 = 5*m + 4*x. What are the prime factors of m?
59
Suppose 0*q - q - 4 = 0. Let z(s) = s**3 + s**2 + s. Let c(p) = -3*p**3 - 6*p**2 - p - 4. Let i(m) = -c(m) - 2*z(m). List the prime factors of i(q).
2
Suppose 9 = -3*z - 0. Let i(v) = -v**2 - 5*v + 4. Let y be i(z). What are the prime factors of 3/9 + y/6?
2
Let b = 7 - -5. What are the prime factors of b?
2, 3
Suppose 2*r - 254 = -4*p, -5*r + 744 = 5*p + 99. List the prime factors of r.
131
Let q be (3 - (2 + 0)) + -2. Let a be -12 + (q + 2 - 1). Let h = 23 + a. What are the prime factors of h?
11
Let i(r) = r**2 - 2*r + 236. What are the prime factors of i(0)?
2, 59
Suppose -3*y - 4 = -13. Suppose a = y*a - 6. What are the prime factors of a?
3
Suppose 2*v = 25 + 17. Let w = v + -43. Let x = -10 - w. List the prime factors of x.
2, 3
Let w(l) = 2 - 5*l**2 + 3*l + 2*l - 2*l + l**3 + 3. Let g be w(4). What are the prime factors of g - (-3 + -3) - -1?
2
Suppose 0 = 7*d - 5*d. Suppose d = -7*w + 151 - 32. What are the prime factors of w?
17
Let w(d) = d**3 + 6*d**2 + 2*d + 7. Let g be w(-6). Let i be ((-6)/g)/(2/15). Let x(o) = -o**2 + 10*o - 4. What are the prime factors of x(i)?
5
Let s(u) = -u**3 + 11*u**2 + 3*u + 1. Suppose 2*t = 5*b - 20 - 35, 33 = 3*b - 3*t. What are the prime factors of s(b)?
2, 17
Let z(j) = -j**3 + 18*j**2 + 26*j - 22. List the prime factors of z(19).
3, 37
Suppose 2*f = 16 - 0. List the prime factors of f.
2
Let c(q) = 2*q - 6. Let m = -3 - -7. What are the prime factors of c(m)?
2
Suppose 33 = 5*g + 88. Let j = g + 43. List the prime factors of j.
2
Suppose -2*w + 222 + 236 = 4*k, k + 473 = 2*w. What are the prime factors of w?
5, 47
Let q(v) = v**3 - v**2 - v + 1. Let g(z) = -z**3 + 5*z**2 - 4*z - 4. Let t(c) = g(c) + 2*q(c). What are the prime factors of t(-4)?
2, 3
Let c(l) = -l + 2. Let f be c(-2). Suppose -4*u + 71 = 3*z + 16, 0 = f*z + 4*u - 72. List the prime factors of z.
17
Let d be (-14)/(-49) - (-26)/7. Suppose 0 = -d*t + 160 - 48. List the prime factors of t.
2, 7
Let s = -12 + 21. Let v = 14 - s. List the prime factors of (v + 2)*(4 + -3).
7
Suppose 2 = g, 69 = 4*s + g - 41. What are the prime factors of s?
3
Let d(c) = c**2 + 6*c + 2. Let s(h) = -h**3 - h**2 - 6. Let p be s(0). Let q be d(p). Let m(u) = 3*u**3 - 3*u**2 + 2*u - 2. List the prime factors of m(q).
2, 7
Suppose 3*z = l + 22, -l + 3 = z + 1. List the prime factors of z.
2, 3
Let o be (-4 - -3)/((-3)/(-30)). What are the prime factors of (-216)/o + 3/(-5)?
3, 7
Suppose -q + 12 = -0. What are the prime factors of q?
2, 3
Suppose 0 = 7*v - 2*v + d - 11, -23 = -v + 5*d. Suppose 0 = -v*q + q + 56. List the prime factors of q.
2, 7
Let s(o) = -o + 6. Let u be s(4). Suppose 8 + 4 = m - u*g, 0 = -2*g - 10. What are the prime factors of m?
2
Suppose i + 11 + 21 = 0. Let f = i + 48. What are the prime factors of f?
2
Suppose -y - 2*k + 18 = 0, -2*k + 59 = 3*y - k. Suppose -4*l - y = -6*l. List the prime factors of l.
2, 5
Let g = -26 + 45. Let r = -30 + 19. Let s = g + r. List the prime factors of s.
2
Suppose 3 = -a + 4. Suppose 0*f - a = -f. Suppose 0 = -2*b + d + 2 - f, -4*b = 4*d - 20. List the prime factors of b.
2
Let s be 0/2 - (-1 + 1). Suppose -9 = 2*m - 5*b + 12, 0 = -b + 5. Suppose -m = -f - s*f. What are the prime factors of f?
2
Suppose -k + 140 = k. List the prime factors of k.
2, 5, 7
Let j be 10/(-8) - 9/(-36). Let r(w) = -w + 1. List the prime factors of r(j).
2
Suppose -u = -0*u - 92. Let f = u + -66. What are the prime factors of f?
2, 13
What are the prime factors of 1110/35 - 4/(-14)?
2
Suppose 2*a - 3 = u, 0 = 2*a + a - 2*u - 2. Let h(j) = j**3 - 2*j**2 + 2*j - 2. What are the prime factors of h(a)?
2, 19
List the prime factors of (-2544)/(-27) + 2/(-9).
2, 47
Suppose 6 = 4*a - 22. Let h(u) = 7*u**2 - 11*u + 14. Let y(x) = 10*x**2 - 17*x + 21. Let g(f) = a*h(f) - 5*y(f). List the prime factors of g(6).
5
Let h(c) = -379*c - 3. List the prime factors of h(-1).
2, 47
Suppose 5*p - 3*p + 8 = 0. Let t = 13 + p. List the prime factors of t.
3
Let f = 162 - 81. List the prime factors of f.
3
List the prime factors of (-17304)/(-112) + (-2 - -1)/(-2).
5, 31
Let x = 59 - 4. Suppose x - 19 = t. List the prime factors of t.
2, 3
What are the prime factors of (6/12)/((-2)/(-28))?
7
Suppose 0 = -2*g - 3*a + 25, 0 = 5*g - 0*g - 3*a - 10. Suppose 88 - 23 = g*f. What are the prime factors of f?
13
List the prime factors of ((-20)/(-5) - 56)*(-1 + -1).
2, 13
Let o = -3 - -11. What are the prime factors of o?
2
Let v = 20 - 10. Suppose 5*m -